-y = 4*g + 3*z, 1 - 14 = g - 3*z. Let a = g - -53. Is a a composite number?
True
Let o be 3/5 - (-12)/5. Suppose i - o = -1. Suppose i*z - 69 - 65 = 0. Is z a composite number?
False
Let b be 1/1 - (2 - 5). Suppose 0 = -b*m + m. Suppose -5*p = -m*p - 635. Is p composite?
False
Suppose 3*a - 6 = 0, 10*w + a = 5*w - 548. Let v = w + 189. Is v composite?
False
Let p be (-2)/4 - (-4302)/(-12). Let z = -232 - p. Is z a prime number?
True
Let z = 10 - 6. Suppose 98 = 2*o + z*a - 0*a, -3*o + 3*a = -102. Is o a composite number?
True
Suppose 0 = -6*a + 11*a - 15. Suppose -6*f + 39 = -a*f. Is f a prime number?
True
Suppose -5 + 15 = 5*q. Suppose -3 = 3*r, 0*r - 2*r - 6 = -q*o. Suppose 4*z + 1 = -2*s + 37, 4*s = -o*z + 6. Is z a prime number?
True
Suppose z + 3*i - 106 = 0, 5*z - 3*i - 321 = 155. Is z composite?
False
Let k = 16 + -15. Let c(s) = -14*s**3 - s**2 + 4*s - 3. Let f(q) = q**3 - q + 1. Let l(y) = -c(y) - 4*f(y). Is l(k) a prime number?
False
Suppose 181 + 409 = 5*k. Is k prime?
False
Is (279/18)/((-1)/(-2)) prime?
True
Suppose -5*x = 318 - 88. Let b = -9 - x. Is b a composite number?
False
Let i = -97 + 0. Let m = -57 - i. Is (m - 3)*(1 - 0) a prime number?
True
Let c = -28 - -22. Is (1407/c)/((-3)/6) a composite number?
True
Let r(s) = -s**2 + s + 31. Let i(d) = -d**2 + 1. Let k be (-12)/16 - (-2)/(-8). Let m be i(k). Is r(m) a prime number?
True
Let p(j) = j**2 + 7*j + 7. Let f be p(-5). Let c = -4 - f. Is 0/c - 92/(-4) prime?
True
Let s(n) be the third derivative of n**5/60 + 7*n**4/24 + n**3/3 + 2*n**2. Let z be s(-7). Suppose 0 = -g - z*g + 21. Is g prime?
True
Let s be 3/(1*-3) - -4. Suppose -p + 164 = -4*b, -s*p + 3*b + 442 = b. Suppose -4*w = -p + 4. Is w a prime number?
False
Let v = 9 + -15. Let c be 1 - (-2)/(4/v). Is 2 + (c - -19) - -2 a prime number?
False
Let k be 3/6*-1*6. Let x be ((-1)/(k/(-30)))/(-2). Is (-2)/(-2) - (-10)/x prime?
True
Let v be 1*28*15/10. Suppose f = -2*f + v. Is f composite?
True
Suppose s + 1 = -0. Let r be s + 1*(-10)/(-2). Is (0 - -6)/(r/10) a prime number?
False
Suppose 5*j - 32 - 18 = 0. Suppose t = 2*t - j. Is t a composite number?
True
Suppose -4*r - 12 = 0, 3*m - 5*r - 267 = 7*m. Let x = m + 130. Is x composite?
False
Let u be 8/6 + 10/15. Suppose o - 39 = -u*o. Is o a composite number?
False
Let d(y) be the second derivative of 14*y**3/3 + 3*y**2/2 - 8*y. Let n be (-1)/((-2)/2)*5. Is d(n) prime?
False
Let u be -336 + -10 + 3*-1. Let l = -62 - u. Is l a prime number?
False
Suppose v = -3*p + 3 + 3, -p - 5*v - 12 = 0. Suppose -p*l - 429 = -6*l. Is l composite?
True
Let s be -88 + -1 + (-6)/(-2). Let c = s + 297. Is c prime?
True
Let f(z) be the second derivative of -62*z**5/5 + z**4/6 - z**2/2 - 4*z. Is f(-1) a composite number?
True
Suppose 2*h - 11 = -5*d + 6, -5*h + 32 = 2*d. Let l(j) = j**3 - 2*j**2 + 2*j + 5. Is l(h) prime?
False
Is 269 + 2 - (-3)/1 composite?
True
Suppose 2*r - 43 = 6*f - f, 4*r + f - 75 = 0. Is r composite?
False
Let b(g) = 2*g**2 - 2*g + 3. Let u be b(11). Suppose -u = -4*m - 83. Is m a prime number?
False
Suppose -3*y + 5*y = 3554. Is y prime?
True
Let y be 1966/6 + (-4)/6. Is (-1 + -2)/((-9)/y) a prime number?
True
Suppose -h - i = 3*i - 293, 0 = -2*h - 3*i + 586. Is h a prime number?
True
Let t(y) = -14*y**2 - 5*y. Let i be t(4). Let x = -80 + i. Let s = 541 + x. Is s a composite number?
True
Suppose -3754 = -5*g - 6*j + 3*j, 2*g + 2*j - 1504 = 0. Is g composite?
True
Let b(d) = 2*d**3 + 7*d - 2. Is b(7) composite?
False
Suppose 0 = u + 4*u - 15. Suppose 0 = 3*i + i + u*m - 11, -4*i - 19 = -3*m. Is (3 + -2)/(i/(-49)) a prime number?
False
Let g(h) = 89*h. Let q be g(1). Let i = q + -191. Let v = -13 - i. Is v a composite number?
False
Suppose 0 = 2*h - 7*h + 745. Is h a composite number?
False
Let h = -9 - -5. Is (93/(-12) - -2)*h prime?
True
Let n be (2/(-4))/(2/(-8)). Suppose -2*t = 0, -n*j + 3*t = 4*t - 502. Is j a prime number?
True
Suppose y = 5*i, 0*y - 2*i + 48 = 2*y. Suppose 0 = -2*q + 7*q - y. Suppose -3*s + 119 = -2*o - 22, 0 = -q*o. Is s prime?
True
Suppose b = -5, 786 + 1086 = -2*r + 2*b. Let s = r - -1336. Is s a composite number?
True
Let l(c) = -33*c + 14. Let m be l(-11). Suppose 0 = -3*o - d + m, -2*d = d + 12. Is o prime?
True
Let o be (86/(-6))/((-1)/6). Suppose -3*m + 5 = -v - 17, 3*v + m = -o. Let r = v - -43. Is r composite?
True
Let i = 1 - 1. Suppose i = 4*w - 2*w - 106. Is w prime?
True
Let w(l) = -125*l**3 + l**2 - 1. Let g be w(-1). Is (g - (-2 + -1)) + 3 prime?
True
Is (-44)/(-3)*(-9)/(-6) prime?
False
Let x = 478 + 475. Is x a composite number?
False
Suppose 3*c - 1666 = 4*d + 2761, 4*d - 5940 = -4*c. Is c a composite number?
False
Let d(v) = v**2 - 8*v + 6. Let w be d(7). Is w*(-1 - -2) - -114 a composite number?
False
Suppose -3*n + 4*v = 9, -5*v + 0*v = -4*n - 12. Let r be ((-23)/n + 1)*18. Let c = 247 - r. Is c prime?
False
Let h be (-14)/(-63) - 52/(-9). Suppose 5*s - 1626 = -3*f, 4*f + 6 = -h. Let z = s + -200. Is z a composite number?
False
Suppose -2*o + 7 = 11. Let m be 9/o*2 + 1. Is (-892)/m - (-1)/(-2) composite?
True
Suppose -4*w = -j + 2 - 3, 2*j = w + 5. Suppose 3*a - 5*f - 43 = 24, -2*f = j*a - 32. Is -1 - ((-6)/(-3) - a) prime?
True
Suppose -z + 0*l + 440 = l, l = 3. Is z a composite number?
True
Let r = 21 - 17. Suppose -z - 8*l + r*l = -107, 2*z = -3*l + 239. Is z a composite number?
False
Let x(k) be the third derivative of -89*k**6/120 - k**5/60 + k**3/6 - 3*k**2. Is x(-1) a prime number?
True
Let d(l) = 10*l**2 + l - 1. Let g be d(2). Let a = -10 + g. Is a composite?
False
Let y = 84 + 373. Is y composite?
False
Let z(g) = 432*g + 1. Let f be z(1). Suppose -5*u = -f - 122. Is u a composite number?
True
Let r(h) = 22*h**2 - 4*h - 6. Let c be r(-5). Let t = c - 257. Is t a composite number?
False
Is -2*(10 + 1)*-1 composite?
True
Let w = 17 + 18. Is w prime?
False
Let h(m) = m - 3. Let p be h(5). Suppose -3*c = 3*z - 15, -z - p*c + 2 + 0 = 0. Let j(d) = -d**3 + 9*d**2 - 5*d + 9. Is j(z) a composite number?
True
Let t = -690 + 993. Is t a composite number?
True
Let p(o) = o**2 - 3*o - 1. Let n be p(4). Suppose -7*y + n*y - 3*l + 3328 = 0, 0 = 4*y - l - 3312. Is y prime?
True
Let x(q) be the third derivative of q**5/3 - q**4/12 + q**3/6 + 4*q**2. Let v be (-2)/4*(3 - 5). Is x(v) a composite number?
False
Let w(h) = h**3 + 3. Let n be w(0). Suppose -n*b + 92 = -b. Is b composite?
True
Suppose 0*c + 3*c + 78 = 0. Let o = 85 + c. Suppose -4*h = -7*h - 5*i + 207, -h + o = 5*i. Is h a prime number?
False
Is 135/7 - 2/7 composite?
False
Is (-3)/(-7) - 606/(-7) a composite number?
True
Suppose 2*m + 2047 - 729 = 4*y, y - 3*m - 322 = 0. Is y composite?
False
Let w(i) be the third derivative of 7*i**5/60 + i**4/12 - 7*i**3/6 + i**2. Let n = -2 - -8. Is w(n) composite?
False
Let d(f) = f + 5. Let j be d(-9). Let u be j/8 - (-2)/4. Suppose u*q = 3*q + w - 171, 0 = -4*q - 3*w + 228. Is q a prime number?
False
Suppose 0 = -4*w - 12, -2*w = 5*m - 2 - 2. Suppose 0 = b + m*b - 3. Is (2/(-4))/(b/(-14)) a prime number?
True
Suppose -3*j - 4*y = -j - 22, 2*j = -3*y + 19. Suppose -z + 2*z - 3*u - 497 = 0, z - 465 = -j*u. Is z composite?
True
Is 59349/45 - (-8)/60 composite?
False
Let i(a) = -a**3 + 6*a**2 - 4*a - 5. Let k be i(5). Suppose k = 5*u - 13 - 7. Suppose 2*r - 707 = -5*s, -4*s - u*r + 356 = -200. Is s composite?
True
Suppose -3*o - 2*f = -352, o = f - 58 + 182. Suppose -5*v + o = -315. Is v prime?
False
Suppose -10*g + 1279 + 1861 = 0. Is g a prime number?
False
Let d be (5/(-1))/((-3)/30). Let q(m) = 13*m - 2. Let l be q(2). Let w = d - l. Is w prime?
False
Let r(a) = 41*a + 23. Is r(4) prime?
False
Let u(w) = -w**2 - 13. Let r be u(-14). Let k = r + 338. Is k a prime number?
False
Let k = -1768 + 3405. Is k prime?
True
Let i be 6117/21 + 8/(-28). Let f be (-2*1)/((-2)/3). Suppose f*r - i = 2*r. Is r a composite number?
True
Let i(z) = z**2 + 26 + 2*z**2 - 4*z**2. Is i(0) a composite number?
True
Let a(w) = -w + 1. Let p be a(-1). Suppose k + 5 = y, -p*y - 19 = 3*k - 4. Is (y - -2)/((-2)/(-14)) prime?
False
Let g(f) be the third derivative of -f**4/12 - 5*f**3/6 + 6*f**2. Is g(-14) a prime number?
True
Suppose -3*v - 163 = -5*f + 121, -287 = -5*f + 4*v. Is f prime?
False
Let g(v) = v - 2. Let d be g(4). Is (1688/12)/(d/3) prime?
